{"id":4442,"date":"2020-12-14T15:09:41","date_gmt":"2020-12-14T15:09:41","guid":{"rendered":"https:\/\/ilpadrinotn.com\/ilpad\/?page_id=4442"},"modified":"2021-01-05T12:52:38","modified_gmt":"2021-01-05T12:52:38","slug":"4442-2","status":"publish","type":"page","link":"https:\/\/ilpadrinotn.com\/ilpad\/4442-2\/","title":{"rendered":""},"content":{"rendered":"<div id=\"skt-builder-home-section5-block-79\" class=\"skt-builder-block-wrapper skt-builder-home-section5-block skt-builder-home-section5-block-79\" style=\"background-color: #fff; background-image: url(); padding-bottom: 20px; padding-top: 80px; \">\r\n\t<div class=\"skt-builder-block-inner skt-builder-block-inner-79\" style=\"visibility: hidden;\">\r\n\t\t<div class=\"skt-builder-container\">\r\n        \r\n\t\t<style>\r\n        .skt-builder-home-section5-block-79 .skt-builder-block-title h2 span{color:#252525 !important;}\r\n        .skt-builder-home-section5-block-79 ul.latproduct-categ li a, .skt-builder-home-section5-block-79 .portfolio-categ li a:link, .skt-builder-home-section5-block-79 .portfolio-categ li a:visited {color:#252525 !important;}\r\n\t\t.skt-builder-home-section5-block-79 .cat-item-desserts.active a {border-color:#252525 !important;}\r\n\t\t.skt-builder-home-section5-block-79 ul.latproduct-categ li.active a, .skt-builder-home-section5-block-79 .skt-builder-home-section5-block-79 ul.latproduct-categ li a:hover, .skt-builder-home-section5-block-79 .skt-builder-home-section5-block-79 .portfolio-categ li.active a, .skt-builder-home-section5-block-79 .skt-builder-home-section5-block-79 .portfolio-categ li a:hover {color:#c10a28 !important; border-color:#c10a28;}\r\n\t\t.skt-builder-home-section5-block-79 .sktmore:hover, .skt-builder-home-section5-block-79 ul.latproduct-area li:hover a.addtocartscode1, .skt-builder-home-section5-block-79 ul.latproduct-area .newproprice {background-color:#c10a28; color:#fff;}\r\n\t\t.skt-builder-home-section5-block-79 ul.latproduct-area li h6{color:#4d4e4e;}\r\n\t\t.skt-builder-home-section5-block-79 ul.latproduct-area li p{ color:#424241;}\r\n\t\t.skt-builder-home-section5-block-79 .addtocartscode1{ background-color:#282828; color:#fff;}\r\n\t\t.skt-builder-home-section5-block-79 .addtocartscode1:hover{ background-color:#c10a28; color:#fff;}\r\n        <\/style>\r\n            \r\n                <div class=\"skt-builder-block-title\" style=\"text-align: center;\">\r\n                    <h2 style=\"color: #252525; font-size: 39px; margin-bottom: 0; text-align: center;\">Nos d\u00e9licieuses pizzas<\/h2>\r\n                    \t<div class=\"skt-builder-block-title-separator\" style=\"background-color: #c10a28; margin-bottom: 40px;\"><\/div>\r\n                <\/div>\r\n                <div class=\"skt-builder-block-description\"><p><div class=\"latproduct-content\"><ul class=\"latproduct-area\">\r\n\t\t<li data-id=\"id-1\" data-type=\"cat-item-pizza\" class=\"latproduct-item\">\r\n\t\t\t<div class=\"latproduct-thumb\">\r\n\t\t\t\t<a href=\"https:\/\/ilpadrinotn.com\/ilpad\/produit\/sicilienne-m\/\"><img decoding=\"async\" src=\"https:\/\/ilpadrinotn.com\/ilpad\/wp-content\/uploads\/2020\/12\/pizza_sicilienne-300x300.png\" alt=\"Sicilienne M\"\/><\/a>\r\n\t\t\t\t<div class=\"newproprice\"><span class=\"woocommerce-Price-amount amount\"><bdi>9.50<span class=\"woocommerce-Price-currencySymbol\">&#x62f;.&#x62a;<\/span><\/bdi><\/span><\/div>\r\n\t\t\t<\/div>\r\n\t\t\t<a href=\"https:\/\/ilpadrinotn.com\/ilpad\/produit\/sicilienne-m\/\"><h6>Sicilienne M<\/h6><\/a>\r\n\t\t\t<p>Anchois, Mozzarella, Sauce tomate, poivre, Huile d'olive, origan.<\/p>\r\n\t\t\t<a href=\"?add-to-cart=4963\" class=\"addtocartscode1\">Ajouter au panier<\/a>\r\n\t\t<\/li>\r\n\t\t<li data-id=\"id-2\" data-type=\"cat-item-pizza\" class=\"latproduct-item\">\r\n\t\t\t<div class=\"latproduct-thumb\">\r\n\t\t\t\t<a href=\"https:\/\/ilpadrinotn.com\/ilpad\/produit\/mexicana-m\/\"><img decoding=\"async\" src=\"https:\/\/ilpadrinotn.com\/ilpad\/wp-content\/uploads\/2020\/12\/mexican_pizza-300x300.jpg\" alt=\"Mexicana M\"\/><\/a>\r\n\t\t\t\t<div class=\"newproprice\"><span class=\"woocommerce-Price-amount amount\"><bdi>9.50<span class=\"woocommerce-Price-currencySymbol\">&#x62f;.&#x62a;<\/span><\/bdi><\/span><\/div>\r\n\t\t\t<\/div>\r\n\t\t\t<a href=\"https:\/\/ilpadrinotn.com\/ilpad\/produit\/mexicana-m\/\"><h6>Mexicana M<\/h6><\/a>\r\n\t\t\t<p>Viande hach\u00e9e b\u0153uf, Mozzarella, Sauce tomate, Poivron vert,<\/p>\r\n\t\t\t<a href=\"?add-to-cart=4962\" class=\"addtocartscode1\">Ajouter au panier<\/a>\r\n\t\t<\/li>\r\n\t\t<li data-id=\"id-3\" data-type=\"cat-item-pizza\" class=\"latproduct-item\">\r\n\t\t\t<div class=\"latproduct-thumb\">\r\n\t\t\t\t<a href=\"https:\/\/ilpadrinotn.com\/ilpad\/produit\/americaine-m\/\"><img decoding=\"async\" src=\"https:\/\/ilpadrinotn.com\/ilpad\/wp-content\/uploads\/2020\/12\/pizza_americain_1-300x300.png\" alt=\"Am\u00e9ricaine M\"\/><\/a>\r\n\t\t\t\t<div class=\"newproprice\"><span class=\"woocommerce-Price-amount amount\"><bdi>9.00<span class=\"woocommerce-Price-currencySymbol\">&#x62f;.&#x62a;<\/span><\/bdi><\/span><\/div>\r\n\t\t\t<\/div>\r\n\t\t\t<a href=\"https:\/\/ilpadrinotn.com\/ilpad\/produit\/americaine-m\/\"><h6>Am\u00e9ricaine M<\/h6><\/a>\r\n\t\t\t<p>Salami B\u0153uf, Mozzarella, Sauce tomate, Huile d\u2019olive,Oignon Taille<\/p>\r\n\t\t\t<a href=\"?add-to-cart=4960\" class=\"addtocartscode1\">Ajouter au panier<\/a>\r\n\t\t<\/li>\r\n\t\t<li data-id=\"id-4\" data-type=\"cat-item-pizza\" class=\"latproduct-item\">\r\n\t\t\t<div class=\"latproduct-thumb\">\r\n\t\t\t\t<a href=\"https:\/\/ilpadrinotn.com\/ilpad\/produit\/pescator-m\/\"><img decoding=\"async\" src=\"https:\/\/ilpadrinotn.com\/ilpad\/wp-content\/uploads\/2020\/12\/pizza-pescator-300x300.jpg\" alt=\"Pescator M\"\/><\/a>\r\n\t\t\t\t<div class=\"newproprice\"><span class=\"woocommerce-Price-amount amount\"><bdi>12.50<span class=\"woocommerce-Price-currencySymbol\">&#x62f;.&#x62a;<\/span><\/bdi><\/span><\/div>\r\n\t\t\t<\/div>\r\n\t\t\t<a href=\"https:\/\/ilpadrinotn.com\/ilpad\/produit\/pescator-m\/\"><h6>Pescator M<\/h6><\/a>\r\n\t\t\t<p>Crevettes, Mozzarella, Huile d'olive, Ail, Cr\u00e8me fra\u00eeche. Taille<\/p>\r\n\t\t\t<a href=\"?add-to-cart=4958\" class=\"addtocartscode1\">Ajouter au panier<\/a>\r\n\t\t<\/li>\r\n\t\t<li data-id=\"id-5\" data-type=\"cat-item-pizza\" class=\"latproduct-item\">\r\n\t\t\t<div class=\"latproduct-thumb\">\r\n\t\t\t\t<a href=\"https:\/\/ilpadrinotn.com\/ilpad\/produit\/berbere-m\/\"><img decoding=\"async\" src=\"https:\/\/ilpadrinotn.com\/ilpad\/wp-content\/uploads\/2020\/12\/thon3-300x300.jpg\" alt=\"Berb\u00e8re M\"\/><\/a>\r\n\t\t\t\t<div class=\"newproprice\"><span class=\"woocommerce-Price-amount amount\"><bdi>9.50<span class=\"woocommerce-Price-currencySymbol\">&#x62f;.&#x62a;<\/span><\/bdi><\/span><\/div>\r\n\t\t\t<\/div>\r\n\t\t\t<a href=\"https:\/\/ilpadrinotn.com\/ilpad\/produit\/berbere-m\/\"><h6>Berb\u00e8re M<\/h6><\/a>\r\n\t\t\t<p>Thon , Mozzarella, Oignon,\u00a0 Sauce tomate, Poivron vert,<\/p>\r\n\t\t\t<a href=\"?add-to-cart=4956\" class=\"addtocartscode1\">Ajouter au panier<\/a>\r\n\t\t<\/li>\r\n\t\t<li data-id=\"id-6\" data-type=\"cat-item-pizza\" class=\"latproduct-item\">\r\n\t\t\t<div class=\"latproduct-thumb\">\r\n\t\t\t\t<a href=\"https:\/\/ilpadrinotn.com\/ilpad\/produit\/five-cheese\/\"><img decoding=\"async\" src=\"https:\/\/ilpadrinotn.com\/ilpad\/wp-content\/uploads\/2020\/12\/Margherita.png\" alt=\"Five Cheese\"\/><\/a>\r\n\t\t\t\t<div class=\"newproprice\"><span class=\"woocommerce-Price-amount amount\"><bdi>15.00<span class=\"woocommerce-Price-currencySymbol\">&#x62f;.&#x62a;<\/span><\/bdi><\/span><\/div>\r\n\t\t\t<\/div>\r\n\t\t\t<a href=\"https:\/\/ilpadrinotn.com\/ilpad\/produit\/five-cheese\/\"><h6>Five Cheese<\/h6><\/a>\r\n\t\t\t<p>Thon , Mozzarella, Oignon,\u00a0 Sauce tomate, Poivron vert,<\/p>\r\n\t\t\t<a href=\"?add-to-cart=4888\" class=\"addtocartscode1\">Ajouter au panier<\/a>\r\n\t\t<\/li>\r\n\t\t<li data-id=\"id-7\" data-type=\"cat-item-pizza\" class=\"latproduct-item\">\r\n\t\t\t<div class=\"latproduct-thumb\">\r\n\t\t\t\t<a href=\"https:\/\/ilpadrinotn.com\/ilpad\/produit\/berbere\/\"><img decoding=\"async\" src=\"https:\/\/ilpadrinotn.com\/ilpad\/wp-content\/uploads\/2020\/12\/thon3-300x300.jpg\" alt=\"Berb\u00e8re\"\/><\/a>\r\n\t\t\t\t<div class=\"newproprice\"><span class=\"woocommerce-Price-amount amount\"><bdi>13.50<span class=\"woocommerce-Price-currencySymbol\">&#x62f;.&#x62a;<\/span><\/bdi><\/span><\/div>\r\n\t\t\t<\/div>\r\n\t\t\t<a href=\"https:\/\/ilpadrinotn.com\/ilpad\/produit\/berbere\/\"><h6>Berb\u00e8re<\/h6><\/a>\r\n\t\t\t<p>Thon , Mozzarella, Oignon,\u00a0 Sauce tomate, Poivron vert,<\/p>\r\n\t\t\t<a href=\"?add-to-cart=4632\" class=\"addtocartscode1\">Ajouter au panier<\/a>\r\n\t\t<\/li>\r\n\t\t<li data-id=\"id-8\" data-type=\"cat-item-pizza\" class=\"latproduct-item\">\r\n\t\t\t<div class=\"latproduct-thumb\">\r\n\t\t\t\t<a href=\"https:\/\/ilpadrinotn.com\/ilpad\/produit\/sicilienne-2\/\"><img decoding=\"async\" src=\"https:\/\/ilpadrinotn.com\/ilpad\/wp-content\/uploads\/2020\/12\/pizza_sicilienne-300x300.png\" alt=\"Sicilienne\"\/><\/a>\r\n\t\t\t\t<div class=\"newproprice\"><span class=\"woocommerce-Price-amount amount\"><bdi>13.50<span class=\"woocommerce-Price-currencySymbol\">&#x62f;.&#x62a;<\/span><\/bdi><\/span><\/div>\r\n\t\t\t<\/div>\r\n\t\t\t<a href=\"https:\/\/ilpadrinotn.com\/ilpad\/produit\/sicilienne-2\/\"><h6>Sicilienne<\/h6><\/a>\r\n\t\t\t<p>Anchois, Mozzarella, Sauce tomate, poivre, Huile d'olive, origan.<\/p>\r\n\t\t\t<a href=\"?add-to-cart=4631\" class=\"addtocartscode1\">Ajouter au panier<\/a>\r\n\t\t<\/li>\r\n\t\t<li data-id=\"id-9\" data-type=\"cat-item-pizza\" class=\"latproduct-item\">\r\n\t\t\t<div class=\"latproduct-thumb\">\r\n\t\t\t\t<a href=\"https:\/\/ilpadrinotn.com\/ilpad\/produit\/mixicana\/\"><img decoding=\"async\" src=\"https:\/\/ilpadrinotn.com\/ilpad\/wp-content\/uploads\/2020\/12\/mexican_pizza-300x300.jpg\" alt=\"Mexicana\"\/><\/a>\r\n\t\t\t\t<div class=\"newproprice\"><span class=\"woocommerce-Price-amount amount\"><bdi>13.50<span class=\"woocommerce-Price-currencySymbol\">&#x62f;.&#x62a;<\/span><\/bdi><\/span><\/div>\r\n\t\t\t<\/div>\r\n\t\t\t<a href=\"https:\/\/ilpadrinotn.com\/ilpad\/produit\/mixicana\/\"><h6>Mexicana<\/h6><\/a>\r\n\t\t\t<p>Viande hach\u00e9e b\u0153uf, Mozzarella, Sauce tomate, Poivron vert,<\/p>\r\n\t\t\t<a href=\"?add-to-cart=4498\" class=\"addtocartscode1\">Ajouter au panier<\/a>\r\n\t\t<\/li>\r\n\t\t<li data-id=\"id-10\" data-type=\"cat-item-pizza\" class=\"latproduct-item\">\r\n\t\t\t<div class=\"latproduct-thumb\">\r\n\t\t\t\t<a href=\"https:\/\/ilpadrinotn.com\/ilpad\/produit\/bananella\/\"><img decoding=\"async\" src=\"https:\/\/ilpadrinotn.com\/ilpad\/wp-content\/uploads\/2020\/12\/bananella.jpg\" alt=\"Bananella\"\/><\/a>\r\n\t\t\t\t<div class=\"newproprice\"><span class=\"woocommerce-Price-amount amount\"><bdi>9.00<span class=\"woocommerce-Price-currencySymbol\">&#x62f;.&#x62a;<\/span><\/bdi><\/span><\/div>\r\n\t\t\t<\/div>\r\n\t\t\t<a href=\"https:\/\/ilpadrinotn.com\/ilpad\/produit\/bananella\/\"><h6>Bananella<\/h6><\/a>\r\n\t\t\t<p>Bananes, Nutella, Amandes effil\u00e9es. Taille Moyenne \u00d8 :<\/p>\r\n\t\t\t<a href=\"?add-to-cart=4497\" class=\"addtocartscode1\">Ajouter au panier<\/a>\r\n\t\t<\/li>\r\n\t\t<li data-id=\"id-11\" data-type=\"cat-item-pizza\" class=\"latproduct-item\">\r\n\t\t\t<div class=\"latproduct-thumb\">\r\n\t\t\t\t<a href=\"https:\/\/ilpadrinotn.com\/ilpad\/produit\/thon\/\"><img decoding=\"async\" src=\"https:\/\/ilpadrinotn.com\/ilpad\/wp-content\/uploads\/2020\/12\/pizza_americain_1-300x300.png\" alt=\"Am\u00e9ricaine\"\/><\/a>\r\n\t\t\t\t<div class=\"newproprice\"><span class=\"woocommerce-Price-amount amount\"><bdi>13.00<span class=\"woocommerce-Price-currencySymbol\">&#x62f;.&#x62a;<\/span><\/bdi><\/span><\/div>\r\n\t\t\t<\/div>\r\n\t\t\t<a href=\"https:\/\/ilpadrinotn.com\/ilpad\/produit\/thon\/\"><h6>Am\u00e9ricaine<\/h6><\/a>\r\n\t\t\t<p>Salami B\u0153uf, Mozzarella, Sauce tomate, Huile d\u2019olive<\/p>\r\n\t\t\t<a href=\"?add-to-cart=4494\" class=\"addtocartscode1\">Ajouter au panier<\/a>\r\n\t\t<\/li>\r\n\t\t<li data-id=\"id-12\" data-type=\"cat-item-pizza\" class=\"latproduct-item\">\r\n\t\t\t<div class=\"latproduct-thumb\">\r\n\t\t\t\t<a href=\"https:\/\/ilpadrinotn.com\/ilpad\/produit\/margherita\/\"><img decoding=\"async\" src=\"https:\/\/ilpadrinotn.com\/ilpad\/wp-content\/uploads\/2020\/12\/pizza-pescator-300x300.jpg\" alt=\"Pescator\"\/><\/a>\r\n\t\t\t\t<div class=\"newproprice\"><span class=\"woocommerce-Price-amount amount\"><bdi>15.00<span class=\"woocommerce-Price-currencySymbol\">&#x62f;.&#x62a;<\/span><\/bdi><\/span><\/div>\r\n\t\t\t<\/div>\r\n\t\t\t<a href=\"https:\/\/ilpadrinotn.com\/ilpad\/produit\/margherita\/\"><h6>Pescator<\/h6><\/a>\r\n\t\t\t<p>Crevettes, Mozzarella, Huile d'olive, Ail, Cr\u00e8me fra\u00eeche.<\/p>\r\n\t\t\t<a href=\"?add-to-cart=4491\" class=\"addtocartscode1\">Ajouter au panier<\/a>\r\n\t\t<\/li>\r\n\t\t<li data-id=\"id-13\" data-type=\"cat-item-pizza\" class=\"latproduct-item\">\r\n\t\t\t<div class=\"latproduct-thumb\">\r\n\t\t\t\t<a href=\"https:\/\/ilpadrinotn.com\/ilpad\/produit\/hotdog-crown-crust\/\"><img decoding=\"async\" src=\"https:\/\/ilpadrinotn.com\/ilpad\/wp-content\/uploads\/2020\/12\/pizza_metre.png\" alt=\"Pizza M\u00e9tre\"\/><\/a>\r\n\t\t\t\t<div class=\"newproprice\"><span class=\"woocommerce-Price-amount amount\"><bdi>26.00<span class=\"woocommerce-Price-currencySymbol\">&#x62f;.&#x62a;<\/span><\/bdi><\/span><\/div>\r\n\t\t\t<\/div>\r\n\t\t\t<a href=\"https:\/\/ilpadrinotn.com\/ilpad\/produit\/hotdog-crown-crust\/\"><h6>Pizza M\u00e9tre<\/h6><\/a>\r\n\t\t\t<p>Viande hach\u00e9e b\u0153uf, Poulet pan\u00e9,\u00a0 Champignons, Mozzarella, Mais<\/p>\r\n\t\t\t<a href=\"?add-to-cart=4484\" class=\"addtocartscode1\">Ajouter au panier<\/a>\r\n\t\t<\/li><div class=\"clear\"><\/div><\/ul><div class=\"clear\"><\/div><\/div><\/p><\/div>\r\n\t\t<\/div>\r\n\t<\/div>\r\n<\/div>\r\n<script>\r\njQuery(document).ready(function() {\r\n    jQuery('p').each(function() {\r\n        var $this = jQuery(this);\r\n        if($this.html().replace(\/s|&nbsp;\/g, '').length == 0) {\r\n            $this.remove();\r\n        }\r\n    });\r\n});\r\n\r\njQuery(document).ready(function() {\r\n    jQuery('p').each(function() {\r\n        var $this = jQuery(this);\r\n        if($this.html().replace(\/s|<br>\/g, '').length == 0) {\r\n            $this.remove();\r\n        }\r\n    });\r\n});\r\n<\/script> \r\n\r\n<script>\r\njQuery.noConflict();\r\njQuery(document).ready(function(){\r\njQuery(window).scroll(function(){\r\n    \/\/ This is then function used to detect if the element is scrolled into view\r\n    function elementScrolled(elem)\r\n    {\r\n        var docViewTop = jQuery(window).scrollTop();\r\n        var docViewBottom = docViewTop + jQuery(window).height();\r\n        var elemTop = jQuery(elem).offset().top;\r\n        return ((elemTop <= docViewBottom) && (elemTop >= docViewTop));\r\n    }\r\n\r\n\tif (jQuery('.skt-builder-block-inner-79').length > 0) {\r\n\tif(elementScrolled('.skt-builder-block-inner-79')) {\r\n        var els = jQuery('.skt-builder-block-inner-79'),\r\n            i = 0,\r\n            f = function () {\r\n                jQuery(els[i++]).addClass('zoomIn');\r\n                if(i < els.length) setTimeout(f, 400);\r\n            };\r\n        f();\r\n    }}\r\n\r\n});\r\n});\r\n<\/script>\r\n<script>\r\n\tjQuery(document).ready(function() {\r\n\tjQuery('.skt-builder-home-section5-block-79 .skt-builder-block-title h2').html(function(index, curHTML) {\r\n\tvar text = curHTML.split(\" \"),\r\n\t\tnewtext = '<span>' + text.pop() + '<\/span>';\r\n\t\treturn text.join(' ').concat(' ' + newtext);\r\n\t\t});\r\n\t});\r\n<\/script>    <!-- sktbuilder starter --><script type=\"text\/javascript\" src=\"https:\/\/ilpadrinotn.com\/ilpad\/wp-content\/plugins\/skt-builder\/sktbuilder\/sktbuilder-frontend-starter.js\"><\/script><script type=\"text\/javascript\" src=\"https:\/\/ilpadrinotn.com\/ilpad\/wp-content\/plugins\/skt-builder\/sktbuilder-wordpress-driver.js\"><\/script><script type=\"text\/javascript\"> var starter = new SktbuilderStarter({\"mode\": \"prod\", \"skip\":[\"jquery\",\"underscore\",\"backbone\"],\"sktbuilderUrl\": \"https:\/\/ilpadrinotn.com\/ilpad\/wp-content\/plugins\/skt-builder\/sktbuilder\/\", \"driver\": new SktbuilderWordpressDriver({\"ajaxUrl\": \"https:\/\/ilpadrinotn.com\/ilpad\/wp-admin\/admin-ajax.php\", \"iframeUrl\": \"https:\/\/ilpadrinotn.com\/ilpad\/produit\/hotdog-crown-crust\/?sktbuilder=true\", \"pageId\": 4484, \"pages\": [{\"title\":\"Accueil\",\"url\":\"https:\\\/\\\/ilpadrinotn.com\\\/ilpad\\\/wp-admin\\\/post.php?post=4355&action=sktbuilder\"},{\"title\":\"No title\",\"url\":\"https:\\\/\\\/ilpadrinotn.com\\\/ilpad\\\/wp-admin\\\/post.php?post=4442&action=sktbuilder\"},{\"title\":\"No title\",\"url\":\"https:\\\/\\\/ilpadrinotn.com\\\/ilpad\\\/wp-admin\\\/post.php?post=4501&action=sktbuilder\"},{\"title\":\"No title\",\"url\":\"https:\\\/\\\/ilpadrinotn.com\\\/ilpad\\\/wp-admin\\\/post.php?post=4522&action=sktbuilder\"},{\"title\":\"No title\",\"url\":\"https:\\\/\\\/ilpadrinotn.com\\\/ilpad\\\/wp-admin\\\/post.php?post=4446&action=sktbuilder\"}], \"page\": \"Pizza M\u00e9tre\" }) });<\/script><!-- end sktbuilder starter -->","protected":false},"excerpt":{"rendered":"<p>Nos d\u00e9licieuses pizzas<\/p>\n","protected":false},"author":1,"featured_media":4459,"parent":0,"menu_order":0,"comment_status":"closed","ping_status":"closed","template":"templates\/page-fullwidth_template.php","meta":{"_mo_disable_npp":"","footnotes":""},"class_list":["post-4442","page","type-page","status-publish","has-post-thumbnail","hentry"],"_links":{"self":[{"href":"https:\/\/ilpadrinotn.com\/ilpad\/wp-json\/wp\/v2\/pages\/4442","targetHints":{"allow":["GET"]}}],"collection":[{"href":"https:\/\/ilpadrinotn.com\/ilpad\/wp-json\/wp\/v2\/pages"}],"about":[{"href":"https:\/\/ilpadrinotn.com\/ilpad\/wp-json\/wp\/v2\/types\/page"}],"author":[{"embeddable":true,"href":"https:\/\/ilpadrinotn.com\/ilpad\/wp-json\/wp\/v2\/users\/1"}],"replies":[{"embeddable":true,"href":"https:\/\/ilpadrinotn.com\/ilpad\/wp-json\/wp\/v2\/comments?post=4442"}],"version-history":[{"count":30,"href":"https:\/\/ilpadrinotn.com\/ilpad\/wp-json\/wp\/v2\/pages\/4442\/revisions"}],"predecessor-version":[{"id":4855,"href":"https:\/\/ilpadrinotn.com\/ilpad\/wp-json\/wp\/v2\/pages\/4442\/revisions\/4855"}],"wp:featuredmedia":[{"embeddable":true,"href":"https:\/\/ilpadrinotn.com\/ilpad\/wp-json\/wp\/v2\/media\/4459"}],"wp:attachment":[{"href":"https:\/\/ilpadrinotn.com\/ilpad\/wp-json\/wp\/v2\/media?parent=4442"}],"curies":[{"name":"wp","href":"https:\/\/api.w.org\/{rel}","templated":true}]}}